{"id":127,"date":"2014-11-30T01:16:39","date_gmt":"2014-11-30T01:16:39","guid":{"rendered":"http:\/\/www.triponto.pt\/web\/?page_id=127"},"modified":"2018-02-07T13:28:24","modified_gmt":"2018-02-07T13:28:24","slug":"sobre-nos","status":"publish","type":"page","link":"https:\/\/www.triponto.pt\/web\/sobre-nos\/","title":{"rendered":"Quem somos"},"content":{"rendered":"<p><div class=\"clearboth\"><\/div><\/div><\/div><\/div><div id=\"mk-page-section-6a006ac776f34\" data-intro-effect=\"false\" class=\"full-width-6a006ac776f34  full-height-false parallax-false mk-page-section mk-blur-parent mk-shortcode  \" data-speedFactor=\"0.3\"><div class=\"mk-video-color-mask\"><\/div><div class=\"mk-grid vc_row-fluid page-section-content\"><div class=\"mk-padding-wrapper\">\n\t<div style=\"\" class=\"vc_col-sm-12 wpb_column column_container \">\n\t\t\t<div class=\"clearboth\"><\/div><div class=\"mk-shortcode mk-padding-shortcode\" style=\"height:60px\"><\/div><div class=\"clearboth\"><\/div>\t<div style=\" margin-bottom:0px;text-align: left;\" class=\"mk-text-block  \"><p>A <strong>TRIPONTO<\/strong> foi fundada em 1998, tendo na sua origem uma equipa multidisciplinar com fortes compet\u00eancias tanto nas \u00e1reas comercial e marketing, assim como nas \u00e1reas da log\u00edstica e da ind\u00fastria.<\/p>\n<p>Ao longo de mais de 15 anos, a <strong>TRIPONTO<\/strong> tem consolidado o seu percurso acompanhando as tend\u00eancias e necessidades dos seus clientes nacionais e dos mercados em que est\u00e1 inserida, respondendo sempre com as melhores solu\u00e7\u00f5es para cada projeto ou neg\u00f3cio.<\/p>\n<p>A <strong>TRIPONTO<\/strong> completa-se atrav\u00e9s de 2 \u00e1reas de neg\u00f3cios distintas, mas muito interligadas pelos seus valores e \u00e9tica &#8211; a <a title=\"Tritrading\" href=\"http:\/\/www.triponto.pt\/web\/tritrading\/\"><strong>tritrading<\/strong><\/a> e a <a title=\"Triecologic\" href=\"http:\/\/www.triponto.pt\/web\/triecologic\/\"><strong>triecologic<\/strong><\/a>.<\/p>\n<div class=\"clearboth\"><\/div><\/div> <div class=\"clearboth\"><\/div><div class=\"mk-shortcode mk-padding-shortcode\" style=\"height:30px\"><\/div><div class=\"clearboth\"><\/div><div class=\"mk-image-shortcode mk-shortcode   align-center simple-frame inside-image \" style=\"max-width: 864px; margin-bottom:0px\"><div class=\"mk-image-inner\"><img class=\"lightbox-false\" alt=\"\" title=\"\" src=\"http:\/\/www.triponto.pt\/web\/tripo-upload\/uploads\/bfi_thumb\/mapa-011-2ym4v1qt6nwbpfwlh9f474.jpg\" \/><\/div><div class=\"clearboth\"><\/div><\/div><div class=\"clearboth\"><\/div><div class=\"mk-shortcode mk-padding-shortcode\" style=\"height:50px\"><\/div><div class=\"clearboth\"><\/div>\t<div style=\" margin-bottom:0px;text-align: left;\" class=\"mk-text-block  \"><p>Atuando diretamente ou atrav\u00e9s da sua rede de agentes e parceiros, na <a title=\"Tritrading\" href=\"http:\/\/www.triponto.pt\/web\/tritrading\/\"><strong>tritrading<\/strong><\/a> operamos em diversos mercados internacionais com especial foco em pa\u00edses Europeus, Africanos (Angola, Mo\u00e7ambique e Guin\u00e9 Bissau) e Brasil. Trabalhamos com fabricantes nacionais de materiais caracter\u00edsticos do nosso pa\u00eds: madeira, corti\u00e7a, vidro, cer\u00e2mica, t\u00eaxteis, etc. Ajudamos no desenvolvimento de novos projetos de Designers, que procuram hoje alternativas \u00e0 oferta asi\u00e1tica, com o intuito de encontrar as mat\u00e9rias-primas que correspondem \u00e0 qualidade exigida para os seus projetos de <em>design<\/em> pr\u00f3prio.<\/p>\n<p>Com o objetivo de acelerar a transi\u00e7\u00e3o do mercado portugu\u00eas para uma economia mais sustent\u00e1vel, atrav\u00e9s da distribui\u00e7\u00e3o em Portugal dos melhores produtos ecol\u00f3gicos no mercado, surge a <a title=\"Triecologic\" href=\"http:\/\/www.triponto.pt\/web\/triecologic\/\"><strong>triecologic<\/strong><\/a>. Esta \u00e1rea de neg\u00f3cio dedica-se \u00e0 oferta de solu\u00e7\u00f5es de embalagens ecol\u00f3gicas para diferentes setores de mercado, tais como: restaura\u00e7\u00e3o, hotelaria, empresas de <em>catering<\/em>, eventos, festivais, escolas, supermercados, industria e agricultura.<\/p>\n<div class=\"clearboth\"><\/div><\/div> <div class=\"clearboth\"><\/div><div class=\"mk-shortcode mk-padding-shortcode\" style=\"height:40px\"><\/div><div class=\"clearboth\"><\/div>\n\t<\/div><\/div><div class=\"clearboth\"><\/div><\/div><div class=\"clearboth\"><\/div><\/div>\n<style type='text\/css'>\n.full-width-6a006ac776f34 {\n    min-height:100px;\n    padding:0px 0 0px;\n    \n    background-attachment:scroll;\n    \n    background-position:left top;\n    background-repeat:repeat;\n    margin-bottom:0px;\n    \n}\n     \n.mk-main-wrapper {\n    display: none;\n}\n#theme-page {\n     padding-top:0;\n}<\/style><div><div><div><div class=\"clearboth\"><\/div><\/div><\/div><\/div><div id=\"mk-page-section-6a006ac7797bf\" data-intro-effect=\"false\" class=\"full-width-6a006ac7797bf  full-height-false parallax-false mk-page-section mk-blur-parent mk-shortcode  \" data-speedFactor=\"0.3\"><div class=\"mk-video-color-mask\"><\/div><div class=\"mk-grid vc_row-fluid page-section-content\"><div class=\"mk-padding-wrapper\">\n\t<div style=\"\" class=\"vc_col-sm-12 wpb_column column_container \">\n\t\t\t<div class=\"mk-image-shortcode mk-shortcode   align-center simple-frame inside-image \" style=\"max-width: 1110px; margin-bottom:0px\"><div class=\"mk-image-inner\"><img class=\"lightbox-false\" alt=\"\" title=\"\" src=\"http:\/\/www.triponto.pt\/web\/tripo-upload\/uploads\/2016\/11\/Compost_1110.jpg\" \/><\/div><div class=\"clearboth\"><\/div><\/div><div class=\"clearboth\"><\/div><div class=\"mk-shortcode mk-padding-shortcode\" style=\"height:80px\"><\/div><div class=\"clearboth\"><\/div>\n\t<\/div><\/div><div class=\"clearboth\"><\/div><\/div><div class=\"clearboth\"><\/div><\/div>\n<style type='text\/css'>\n.full-width-6a006ac7797bf {\n    min-height:100px;\n    padding:0px 0 0px;\n    \n    background-attachment:scroll;\n    \n    background-position:left top;\n    background-repeat:repeat;\n    margin-bottom:0px;\n    \n}\n     \n.mk-main-wrapper {\n    display: none;\n}\n#theme-page {\n     padding-top:0;\n}<\/style><div><div><div><\/p>","protected":false},"excerpt":{"rendered":"<p>Conte\u00fado n\u00e3o dispon\u00edvel em Portugu\u00eas<\/p>\n","protected":false},"author":2,"featured_media":0,"parent":0,"menu_order":0,"comment_status":"open","ping_status":"open","template":"","meta":[],"yoast_head":"<!-- This site is optimized with the Yoast SEO plugin v14.2 - https:\/\/yoast.com\/wordpress\/plugins\/seo\/ -->\n<meta name=\"description\" content=\"A TRIPONTO \u00e9 uma empresa com experi\u00eancia desde a \u00e1rea de marketing \u00e0 log\u00edstica e que atua em duas \u00e1reas de neg\u00f3cios distintas: tritrading e triecologic.\" \/>\n<meta name=\"robots\" content=\"index, follow\" \/>\n<meta name=\"googlebot\" content=\"index, follow, max-snippet:-1, max-image-preview:large, max-video-preview:-1\" \/>\n<meta name=\"bingbot\" content=\"index, follow, max-snippet:-1, max-image-preview:large, max-video-preview:-1\" \/>\n<link rel=\"canonical\" href=\"https:\/\/www.triponto.pt\/web\/sobre-nos\/\" \/>\n<meta property=\"og:locale\" content=\"pt_PT\" \/>\n<meta property=\"og:type\" content=\"article\" \/>\n<meta property=\"og:title\" content=\"Quem Somos - TRIPONTO\" \/>\n<meta property=\"og:description\" content=\"A TRIPONTO \u00e9 uma empresa com experi\u00eancia desde a \u00e1rea de marketing \u00e0 log\u00edstica e que atua em duas \u00e1reas de neg\u00f3cios distintas: tritrading e triecologic.\" \/>\n<meta property=\"og:url\" content=\"https:\/\/www.triponto.pt\/web\/sobre-nos\/\" \/>\n<meta property=\"og:site_name\" content=\"Triponto\" \/>\n<meta property=\"article:modified_time\" content=\"2018-02-07T13:28:24+00:00\" \/>\n<script type=\"application\/ld+json\" class=\"yoast-schema-graph\">{\"@context\":\"https:\/\/schema.org\",\"@graph\":[{\"@type\":\"WebSite\",\"@id\":\"https:\/\/www.triponto.pt\/web\/#website\",\"url\":\"https:\/\/www.triponto.pt\/web\/\",\"name\":\"Triponto\",\"description\":\"Servi\\u00e7os comerciais, lda.\",\"potentialAction\":[{\"@type\":\"SearchAction\",\"target\":\"https:\/\/www.triponto.pt\/web\/?s={search_term_string}\",\"query-input\":\"required name=search_term_string\"}],\"inLanguage\":\"pt-PT\"},{\"@type\":\"WebPage\",\"@id\":\"https:\/\/www.triponto.pt\/web\/sobre-nos\/#webpage\",\"url\":\"https:\/\/www.triponto.pt\/web\/sobre-nos\/\",\"name\":\"Quem Somos - TRIPONTO\",\"isPartOf\":{\"@id\":\"https:\/\/www.triponto.pt\/web\/#website\"},\"datePublished\":\"2014-11-30T01:16:39+00:00\",\"dateModified\":\"2018-02-07T13:28:24+00:00\",\"description\":\"A TRIPONTO \\u00e9 uma empresa com experi\\u00eancia desde a \\u00e1rea de marketing \\u00e0 log\\u00edstica e que atua em duas \\u00e1reas de neg\\u00f3cios distintas: tritrading e triecologic.\",\"inLanguage\":\"pt-PT\",\"potentialAction\":[{\"@type\":\"ReadAction\",\"target\":[\"https:\/\/www.triponto.pt\/web\/sobre-nos\/\"]}]}]}<\/script>\n<!-- \/ Yoast SEO plugin. -->","_links":{"self":[{"href":"https:\/\/www.triponto.pt\/web\/wp-json\/wp\/v2\/pages\/127"}],"collection":[{"href":"https:\/\/www.triponto.pt\/web\/wp-json\/wp\/v2\/pages"}],"about":[{"href":"https:\/\/www.triponto.pt\/web\/wp-json\/wp\/v2\/types\/page"}],"author":[{"embeddable":true,"href":"https:\/\/www.triponto.pt\/web\/wp-json\/wp\/v2\/users\/2"}],"replies":[{"embeddable":true,"href":"https:\/\/www.triponto.pt\/web\/wp-json\/wp\/v2\/comments?post=127"}],"version-history":[{"count":30,"href":"https:\/\/www.triponto.pt\/web\/wp-json\/wp\/v2\/pages\/127\/revisions"}],"predecessor-version":[{"id":6577,"href":"https:\/\/www.triponto.pt\/web\/wp-json\/wp\/v2\/pages\/127\/revisions\/6577"}],"wp:attachment":[{"href":"https:\/\/www.triponto.pt\/web\/wp-json\/wp\/v2\/media?parent=127"}],"curies":[{"name":"wp","href":"https:\/\/api.w.org\/{rel}","templated":true}]}}