{"id":6681,"date":"2020-06-01T10:14:05","date_gmt":"2020-06-01T10:14:05","guid":{"rendered":"http:\/\/www.triponto.pt\/web\/?page_id=6681"},"modified":"2020-06-04T09:51:31","modified_gmt":"2020-06-04T09:51:31","slug":"catalogo","status":"publish","type":"page","link":"https:\/\/www.triponto.pt\/web\/catalogo\/","title":{"rendered":"Cat\u00e1logo"},"content":{"rendered":"<div class=\"wpb_row vc_row  vc_row-fluid  mk-fullwidth-false  attched-false vc_row-fluid\">\n\t<div style=\"\" class=\"vc_col-sm-12 wpb_column column_container vc_custom_1591022390334 \">\n\t\t\t\t<div style=\"text-align: center;\" class=\"mk-text-block  \"><p><strong class=\"bigtitle\">Consulte e descarregue todos os cat\u00e1logos Triecologic.<\/strong><\/p>\n<p>Sabemos que cada neg\u00f3cio tem as suas especificidades por isso, se precisa de ajuda e quiser saber quais os produtos ideais para o seu neg\u00f3cio, entre em contacto connosco. Torne o seu neg\u00f3cio mais amigo do ambiente com embalagens feitas a partir de plantas.<\/p>\n<div class=\"clearboth\"><\/div><\/div> \n\t<\/div><\/div><div id=\"odd\" class=\"wpb_row vc_row  vc_row-fluid  mk-fullwidth-false  attched-false vc_row-fluid\">\n\t<div style=\"\" class=\"vc_col-sm-4 wpb_column column_container \">\n\t\t\t\n\t<div class=\"wpb_single_image wpb_content_element vc_align_center\">\n\t\t<div class=\"wpb_wrapper\">\n\t\t\t\n\t\t\t<img width=\"200\" height=\"200\" src=\"https:\/\/www.triponto.pt\/web\/tripo-upload\/uploads\/2020\/06\/Design-sem-nome.png\" class=\"vc_box_rounded attachment-full\" alt=\"\" loading=\"lazy\" srcset=\"https:\/\/www.triponto.pt\/web\/tripo-upload\/uploads\/2020\/06\/Design-sem-nome.png 200w, https:\/\/www.triponto.pt\/web\/tripo-upload\/uploads\/2020\/06\/Design-sem-nome-300x300.png 300w, https:\/\/www.triponto.pt\/web\/tripo-upload\/uploads\/2020\/06\/Design-sem-nome-1024x1024.png 1024w, https:\/\/www.triponto.pt\/web\/tripo-upload\/uploads\/2020\/06\/Design-sem-nome-150x150.png 150w, https:\/\/www.triponto.pt\/web\/tripo-upload\/uploads\/2020\/06\/Design-sem-nome-768x768.png 768w, https:\/\/www.triponto.pt\/web\/tripo-upload\/uploads\/2020\/06\/Design-sem-nome-1536x1536.png 1536w, https:\/\/www.triponto.pt\/web\/tripo-upload\/uploads\/2020\/06\/Design-sem-nome-2048x2048.png 2048w\" sizes=\"(max-width: 200px) 100vw, 200px\" \/>\n\t\t<\/div> \n\t<\/div> \n\t<\/div>\n\t<div style=\"\" class=\"vc_col-sm-5 cat-titulo wpb_column column_container \">\n\t\t\t\t<div style=\" margin-bottom:0px;text-align: left;\" class=\"mk-text-block  \"><p><strong>Cat\u00e1logo | Embalagens Ecol\u00f3gicas Takeaway e HORECA<\/strong><\/p>\n<div class=\"clearboth\"><\/div><\/div> \t<div style=\" margin-bottom:0px;text-align: left;\" class=\"mk-text-block  \"><p>Mais de 350 descart\u00e1veis ecol\u00f3gicos destinados \u00e0 restaura\u00e7\u00e3o e ao catering. Produzidos a partir de plantas, com mat\u00e9rias-primas renov\u00e1veis, recuperadas ou recicladas e com baixo teor de carbono incorporado, ajudando-o a cumprir as suas metas de sustentabilidade<\/p>\n<div class=\"clearboth\"><\/div><\/div> \n\t<\/div>\n\t<div style=\"\" class=\"vc_col-sm-2 cat-download wpb_column column_container \">\n\t\t\t<div class=\"mk-button-align fullwidth-button center\"><a href=\"https:\/\/www.triponto.pt\/web\/tripo-upload\/uploads\/2020\/06\/Cat\u00e1logo_PRODUTOS_ECOL\u00d3GICOS_VEGWARE_2020.pdf\" target=\"_blank\"  class=\"mk-button  button-6a006ae79affa light-color  three-dimension large pointed fullwidth-button \"><span>Download<\/span><\/a><\/div>\n\n<style type=\"text\/css\">\n    .button-6a006ae79affa {\n                margin-bottom: 15px;\n                margin-top: px;\n                min-width: 0px !important;\n\n        }\n\n        .button-6a006ae79affa {\n                background-color:#28a401;\n\n        }\n        \n         .button-6a006ae79affa:hover {\n                background-color:#259901;\n\n        }\n        .button-6a006ae79affa.three-dimension  {\n             box-shadow: 0px 3px 0px 0px #208301;\n        }\n        .button-6a006ae79affa.three-dimension:active  {\n             box-shadow: 0px 1px 0px 0px #208301;\n        } \n    <\/style>\n\t<\/div>\n\t<div style=\"\" class=\"vc_col-sm-1 wpb_column column_container \">\n\t\t\t\n\t<\/div><\/div><div id=\"even\" class=\"wpb_row vc_row  vc_row-fluid  mk-fullwidth-false  attched-false vc_row-fluid\">\n\t<div style=\"\" class=\"vc_col-sm-4 wpb_column column_container \">\n\t\t\t\n\t<div class=\"wpb_single_image wpb_content_element vc_align_center\">\n\t\t<div class=\"wpb_wrapper\">\n\t\t\t\n\t\t\t<img width=\"200\" height=\"200\" src=\"https:\/\/www.triponto.pt\/web\/tripo-upload\/uploads\/2020\/06\/Design-sem-nome-1.png\" class=\"vc_box_rounded attachment-full\" alt=\"\" loading=\"lazy\" srcset=\"https:\/\/www.triponto.pt\/web\/tripo-upload\/uploads\/2020\/06\/Design-sem-nome-1.png 200w, https:\/\/www.triponto.pt\/web\/tripo-upload\/uploads\/2020\/06\/Design-sem-nome-1-300x300.png 300w, https:\/\/www.triponto.pt\/web\/tripo-upload\/uploads\/2020\/06\/Design-sem-nome-1-1024x1024.png 1024w, https:\/\/www.triponto.pt\/web\/tripo-upload\/uploads\/2020\/06\/Design-sem-nome-1-150x150.png 150w, https:\/\/www.triponto.pt\/web\/tripo-upload\/uploads\/2020\/06\/Design-sem-nome-1-768x768.png 768w, https:\/\/www.triponto.pt\/web\/tripo-upload\/uploads\/2020\/06\/Design-sem-nome-1-1536x1536.png 1536w, https:\/\/www.triponto.pt\/web\/tripo-upload\/uploads\/2020\/06\/Design-sem-nome-1-2048x2048.png 2048w\" sizes=\"(max-width: 200px) 100vw, 200px\" \/>\n\t\t<\/div> \n\t<\/div> \n\t<\/div>\n\t<div style=\"\" class=\"vc_col-sm-5 cat-titulo wpb_column column_container \">\n\t\t\t\t<div style=\" margin-bottom:0px;text-align: left;\" class=\"mk-text-block  \"><p><strong>Cat\u00e1logo | Embalagens Ecol\u00f3gicas Agricultura e Industria Alimentar<\/strong><\/p>\n<div class=\"clearboth\"><\/div><\/div> \t<div style=\" margin-bottom:0px;text-align: left;\" class=\"mk-text-block  \"><p>Solu\u00e7\u00f5es de embalagem biodegrad\u00e1vel de origem vegetal, que combinam os mais altos padr\u00f5es de frescura, com o respeito pelo meio ambiente. S\u00e3o particularmente adequadas para agricultura e ind\u00fastria alimentar.<\/p>\n<div class=\"clearboth\"><\/div><\/div> \n\t<\/div>\n\t<div style=\"\" class=\"vc_col-sm-2 cat-download wpb_column column_container \">\n\t\t\t<div class=\"mk-button-align fullwidth-button center\"><a href=\"https:\/\/www.triponto.pt\/web\/tripo-upload\/uploads\/2020\/06\/Solu\u00e7\u00f5es_de_embalagem_ecol\u00f3gica_TRIECOLOGIC_vers\u00e3o_april_2020.pdf\" target=\"_blank\"  class=\"mk-button  button-6a006ae79baee light-color  three-dimension large pointed fullwidth-button \"><span>Download<\/span><\/a><\/div>\n\n<style type=\"text\/css\">\n    .button-6a006ae79baee {\n                margin-bottom: 15px;\n                margin-top: px;\n                min-width: 0px !important;\n\n        }\n\n        .button-6a006ae79baee {\n                background-color:#28a401;\n\n        }\n        \n         .button-6a006ae79baee:hover {\n                background-color:#259901;\n\n        }\n        .button-6a006ae79baee.three-dimension  {\n             box-shadow: 0px 3px 0px 0px #208301;\n        }\n        .button-6a006ae79baee.three-dimension:active  {\n             box-shadow: 0px 1px 0px 0px #208301;\n        } \n    <\/style>\n\t<\/div>\n\t<div style=\"\" class=\"vc_col-sm-1 wpb_column column_container \">\n\t\t\t\n\t<\/div><\/div><div class=\"wpb_row vc_row  vc_row-fluid  mk-fullwidth-false  attched-false vc_row-fluid\">\n\t<div style=\"\" class=\"vc_col-sm-12 wpb_column column_container \">\n\t\t\t\t<div style=\"text-align: center;\" class=\"mk-text-block  \"><p style=\"text-align: center; font-size: 30px;\">Contacte-nos<\/p>\n<div class=\"clearboth\"><\/div><\/div> \n\t<\/div><\/div><div class=\"wpb_row vc_row  vc_row-fluid  mk-fullwidth-false  attched-false vc_row-fluid\">\n\t<div style=\"\" class=\"vc_col-sm-2 wpb_column column_container \">\n\t\t\t\n\t<\/div>\n\t<div style=\"\" class=\"vc_col-sm-8 wpb_column column_container \">\n\t\t\t\t<div style=\"text-align: left;\" class=\"mk-text-block  \"><div class=\"frm_forms  with_frm_style frm_style_formidable-style\" id=\"frm_form_10_container\" >\n<form enctype=\"multipart\/form-data\" method=\"post\" class=\"frm-show-form \" id=\"form_5kdvng23\"  >\n<div class=\"frm_form_fields \">\n<fieldset>\n\r\n<div class=\"frm_fields_container\">\n<input type=\"hidden\" name=\"frm_action\" value=\"create\" \/>\n<input type=\"hidden\" name=\"form_id\" value=\"10\" \/>\n<input type=\"hidden\" name=\"frm_hide_fields_10\" id=\"frm_hide_fields_10\" value=\"\" \/>\n<input type=\"hidden\" name=\"form_key\" value=\"5kdvng23\" \/>\n<input type=\"hidden\" name=\"item_meta[0]\" value=\"\" \/>\n<input type=\"hidden\" id=\"frm_submit_entry_10\" name=\"frm_submit_entry_10\" value=\"c619f77dc7\" \/><input type=\"hidden\" name=\"_wp_http_referer\" value=\"\/web\/wp-json\/wp\/v2\/pages\/6681\" \/><label for=\"frm_verify_10\" class=\"frm_screen_reader frm_hidden\">If you are human, leave this field blank.<\/label>\n<input type=\"text\" class=\"frm_hidden frm_verify\" id=\"frm_verify_10\" name=\"frm_verify\" value=\"\"  \/>\n<div id=\"frm_field_58_container\" class=\"frm_form_field form-field  frm_required_field frm_top_container\">\r\n    <label for=\"field_a4z0wr4\" class=\"frm_primary_label\">Nome\r\n        <span class=\"frm_required\">*<\/span>\r\n    <\/label>\r\n    <input type=\"text\" id=\"field_a4z0wr4\" name=\"item_meta[58]\" value=\"\"  data-reqmsg=\"This field cannot be blank.Este campo tem de ser preenchido\" aria-required=\"true\" data-invmsg=\"Nome is invalid\"  \/>\r\n    \r\n    \r\n<\/div>\n<div id=\"frm_field_60_container\" class=\"frm_form_field form-field  frm_required_field frm_top_container\">\r\n    <label for=\"field_ap17lv4\" class=\"frm_primary_label\">Email\r\n        <span class=\"frm_required\">*<\/span>\r\n    <\/label>\r\n    <input type=\"text\" id=\"field_ap17lv4\" name=\"item_meta[60]\" value=\"\"  data-reqmsg=\"This field cannot be blank.Este campo tem de ser preenchido\" aria-required=\"true\" data-invmsg=\"Email is invalid\"  \/>\r\n    \r\n    \r\n<\/div>\n<div id=\"frm_field_61_container\" class=\"frm_form_field form-field  frm_top_container\">\r\n    <label for=\"field_lbccmw4\" class=\"frm_primary_label\">Telefone\r\n        <span class=\"frm_required\"><\/span>\r\n    <\/label>\r\n    <input type=\"text\" id=\"field_lbccmw4\" name=\"item_meta[61]\" value=\"\"  data-invmsg=\"Telefone is invalid\"  \/>\r\n    \r\n    \r\n<\/div>\n<div id=\"frm_field_72_container\" class=\"frm_form_field form-field  frm_required_field frm_top_container\">\r\n    <label for=\"field_vms779\" class=\"frm_primary_label\">Localidade (cidade)\r\n        <span class=\"frm_required\">*<\/span>\r\n    <\/label>\r\n    <input type=\"text\" id=\"field_vms779\" name=\"item_meta[72]\" value=\"\"  data-reqmsg=\"This field cannot be blank.Este campo tem de ser preenchido\" aria-required=\"true\" data-invmsg=\"Localidade (cidade) is invalid\"  \/>\r\n    \r\n    \r\n<\/div>\n<input type=\"hidden\" id=\"field_source8d64ab2e32\" name=\"item_meta[102]\" value=\"\"  data-invmsg=\" is invalid\"  \/><div id=\"frm_field_64_container\" class=\"frm_form_field form-field  frm_top_container\">\r\n    <label for=\"field_rwa8094\" class=\"frm_primary_label\">Mensagem:\r\n        <span class=\"frm_required\"><\/span>\r\n    <\/label>\r\n    <textarea name=\"item_meta[64]\" id=\"field_rwa8094\" rows=\"5\"  data-invmsg=\"Mensagem: is invalid\"  ><\/textarea>\r\n    \r\n    \r\n<\/div>\n<div id=\"frm_field_82_container\" class=\"frm_form_field form-field  frm_none_container\">\r\n    <label  class=\"frm_primary_label\">reCAPTCHA\r\n        <span class=\"frm_required\"><\/span>\r\n    <\/label>\r\n    <div id=\"field_yvnna\" class=\"g-recaptcha\" data-sitekey=\"6Ldh_VEUAAAAAFInBu1mAMIQuq2FN56vB2CIb8nP\" data-size=\"normal\" data-theme=\"light\"><\/div>\r\n    \r\n    \r\n<\/div>\n<div id=\"frm_field_87_container\" class=\"frm_form_field form-field  frm_required_field frm_top_container vertical_radio\">\r\n    <label for=\"field_lkj3j\" class=\"frm_primary_label\">Pol\u00edtica de Privacidade\r\n        <span class=\"frm_required\">*<\/span>\r\n    <\/label>\r\n    <div class=\"frm_opt_container\">\t\t<div class=\"frm_checkbox\" id=\"frm_checkbox_87-0\"><label for=\"field_lkj3j-0\"><input type=\"checkbox\" name=\"item_meta[87][]\" id=\"field_lkj3j-0\" value=\"Li e aceito a &lt;a href=&quot;https:\/\/triponto.pt\/web\/privacidade\/&quot; target=&quot;_blank&quot;&gt;Pol\u00edtica de Privacidade &lt;\/a&gt;\"  data-reqmsg=\"This field cannot be blank.Este campo tem de ser preenchido\" data-invmsg=\"Pol\u00edtica de Privacidade is invalid\"   \/> Li e aceito a <a href=\"https:\/\/triponto.pt\/web\/privacidade\/\" target=\"_blank\">Pol\u00edtica de Privacidade <\/a><\/label><\/div>\n<\/div>\r\n    \r\n    \r\n<\/div>\n<input type=\"hidden\" name=\"item_key\" value=\"\" \/>\n\t<div class=\"frm_submit\">\r\n\r\n<input type=\"submit\" value=\"Enviar\"  \/>\r\n<img class=\"frm_ajax_loading\" src=\"https:\/\/www.triponto.pt\/web\/tripo-upload\/plugins\/formidable\/images\/ajax_loader.gif\" alt=\"Enviando\" style=\"visibility:hidden;\" \/>\r\n\r\n<\/div><\/div>\n<\/fieldset>\n<\/div>\n<\/form>\n<\/div>\n\n<div class=\"clearboth\"><\/div><\/div> \n\t<\/div>\n\t<div style=\"\" class=\"vc_col-sm-2 wpb_column column_container \">\n\t\t\t\n\t<\/div><\/div>","protected":false},"excerpt":{"rendered":"Consulte e descarregue todos os cat\u00e1logos Triecologic. Sabemos que cada neg\u00f3cio tem as suas especificidades por isso, se precisa de ajuda e quiser saber quais os produtos ideais para o seu neg\u00f3cio, entre em contacto connosco. Torne o seu neg\u00f3cio mais amigo do ambiente com embalagens feitas a partir de plantas. Cat\u00e1logo | Embalagens Ecol\u00f3gicas [...]","protected":false},"author":4,"featured_media":0,"parent":0,"menu_order":0,"comment_status":"closed","ping_status":"closed","template":"","meta":[],"yoast_head":"<!-- This site is optimized with the Yoast SEO plugin v14.2 - https:\/\/yoast.com\/wordpress\/plugins\/seo\/ -->\n<meta name=\"robots\" content=\"index, follow\" \/>\n<meta name=\"googlebot\" content=\"index, follow, max-snippet:-1, max-image-preview:large, max-video-preview:-1\" \/>\n<meta name=\"bingbot\" content=\"index, follow, max-snippet:-1, max-image-preview:large, max-video-preview:-1\" \/>\n<link rel=\"canonical\" href=\"http:\/\/www.triponto.pt\/web\/catalogo\/\" \/>\n<meta property=\"og:locale\" content=\"pt_PT\" \/>\n<meta property=\"og:type\" content=\"article\" \/>\n<meta property=\"og:title\" content=\"[:pt]Cat\u00e1logo[:] - Triponto\" \/>\n<meta property=\"og:url\" content=\"http:\/\/www.triponto.pt\/web\/catalogo\/\" \/>\n<meta property=\"og:site_name\" content=\"Triponto\" \/>\n<meta property=\"article:modified_time\" content=\"2020-06-04T09:51:31+00:00\" \/>\n<script type=\"application\/ld+json\" class=\"yoast-schema-graph\">{\"@context\":\"https:\/\/schema.org\",\"@graph\":[{\"@type\":\"WebSite\",\"@id\":\"https:\/\/www.triponto.pt\/web\/#website\",\"url\":\"https:\/\/www.triponto.pt\/web\/\",\"name\":\"Triponto\",\"description\":\"Servi\\u00e7os comerciais, lda.\",\"potentialAction\":[{\"@type\":\"SearchAction\",\"target\":\"https:\/\/www.triponto.pt\/web\/?s={search_term_string}\",\"query-input\":\"required name=search_term_string\"}],\"inLanguage\":\"pt-PT\"},{\"@type\":\"WebPage\",\"@id\":\"http:\/\/www.triponto.pt\/web\/catalogo\/#webpage\",\"url\":\"http:\/\/www.triponto.pt\/web\/catalogo\/\",\"name\":\"[:pt]Cat\\u00e1logo[:] - Triponto\",\"isPartOf\":{\"@id\":\"https:\/\/www.triponto.pt\/web\/#website\"},\"datePublished\":\"2020-06-01T10:14:05+00:00\",\"dateModified\":\"2020-06-04T09:51:31+00:00\",\"inLanguage\":\"pt-PT\",\"potentialAction\":[{\"@type\":\"ReadAction\",\"target\":[\"http:\/\/www.triponto.pt\/web\/catalogo\/\"]}]}]}<\/script>\n<!-- \/ Yoast SEO plugin. -->","_links":{"self":[{"href":"https:\/\/www.triponto.pt\/web\/wp-json\/wp\/v2\/pages\/6681"}],"collection":[{"href":"https:\/\/www.triponto.pt\/web\/wp-json\/wp\/v2\/pages"}],"about":[{"href":"https:\/\/www.triponto.pt\/web\/wp-json\/wp\/v2\/types\/page"}],"author":[{"embeddable":true,"href":"https:\/\/www.triponto.pt\/web\/wp-json\/wp\/v2\/users\/4"}],"replies":[{"embeddable":true,"href":"https:\/\/www.triponto.pt\/web\/wp-json\/wp\/v2\/comments?post=6681"}],"version-history":[{"count":17,"href":"https:\/\/www.triponto.pt\/web\/wp-json\/wp\/v2\/pages\/6681\/revisions"}],"predecessor-version":[{"id":6708,"href":"https:\/\/www.triponto.pt\/web\/wp-json\/wp\/v2\/pages\/6681\/revisions\/6708"}],"wp:attachment":[{"href":"https:\/\/www.triponto.pt\/web\/wp-json\/wp\/v2\/media?parent=6681"}],"curies":[{"name":"wp","href":"https:\/\/api.w.org\/{rel}","templated":true}]}}